{"id":4982,"date":"2021-12-13T11:29:52","date_gmt":"2021-12-13T11:29:52","guid":{"rendered":"https:\/\/diepolitikerinnen.de\/?page_id=4982"},"modified":"2025-02-20T20:38:35","modified_gmt":"2025-02-20T20:38:35","slug":"ueber-mich","status":"publish","type":"page","link":"https:\/\/diepolitikerinnen.de\/index.php\/ueber-mich\/","title":{"rendered":"\u00dcber mich"},"content":{"rendered":"<div class=\"gb-grid-wrapper gb-grid-wrapper-06caf911\">\n<div class=\"gb-grid-column gb-grid-column-a3752088\"><div class=\"gb-container gb-container-a3752088\"><div class=\"gb-inside-container\">\n\n<figure class=\"wp-block-image size-large is-resized\"><img loading=\"lazy\" decoding=\"async\" width=\"731\" height=\"1024\" src=\"https:\/\/diepolitikerinnen.de\/wp-content\/uploads\/2021\/12\/DSC2994-731x1024.jpg\" alt=\"\" class=\"wp-image-5034\" style=\"width:273px;height:382px\" srcset=\"https:\/\/diepolitikerinnen.de\/wp-content\/uploads\/2021\/12\/DSC2994-731x1024.jpg 731w, https:\/\/diepolitikerinnen.de\/wp-content\/uploads\/2021\/12\/DSC2994-214x300.jpg 214w, https:\/\/diepolitikerinnen.de\/wp-content\/uploads\/2021\/12\/DSC2994-768x1075.jpg 768w, https:\/\/diepolitikerinnen.de\/wp-content\/uploads\/2021\/12\/DSC2994-1097x1536.jpg 1097w, https:\/\/diepolitikerinnen.de\/wp-content\/uploads\/2021\/12\/DSC2994-1463x2048.jpg 1463w, https:\/\/diepolitikerinnen.de\/wp-content\/uploads\/2021\/12\/DSC2994-scaled.jpg 1829w\" sizes=\"auto, (max-width: 731px) 100vw, 731px\" \/><figcaption class=\"wp-element-caption\">Susanne Lang <br><em>Foto: Benjamin Sauer<\/em><\/figcaption><\/figure>\n\n<\/div><\/div><\/div>\n\n<div class=\"gb-grid-column gb-grid-column-dc95fb08\"><div class=\"gb-container gb-container-dc95fb08\"><div class=\"gb-inside-container\">\n\n<p>Geboren 1976 in M\u00fcnchen. Seit 2003 in Berlin. Verheiratet, drei Kinder.<\/p>\n\n\n\n<p><strong>Studium<\/strong> Germanistik, Angewandte Kulturwissenschaft und Publizistik in M\u00fcnster (Magister).<br><strong>Ausbildung<\/strong> an der <em>Deutschen Journalistenschule M\u00fcnchen<\/em> (40K).<br>Bis 2008 <strong>Redakteurin<\/strong>, sp\u00e4ter <strong>Ressortleiterin<\/strong> Gesellschaft und Magazin bei der <em>taz<\/em>.<br>Bis 2014 <strong>Ressortleiterin<\/strong> \u201eAlltag\u201c beim <em>Freitag<\/em>.<br>Bis 2016 <strong>Redakteurin<\/strong> bei <em>Nido<\/em>.<br>Bis 2019 <strong>Chefredakteurin<\/strong> des Medienfachmagazins <em>Wirtschaftsjournalist<\/em>.<\/p>\n\n\n\n<p>Seit 2022 <strong>freie Redakteurin <\/strong>und <strong>CvD<\/strong> bei <em>radio3 <\/em>(ehem. <em>rbbKultur<\/em>)<\/p>\n\n\n\n<p>Als <strong>Autorin<\/strong> t\u00e4tig u.a. f\u00fcr <em>radio3\/rbb<\/em>, <em>DIE ZEIT<\/em>, <em>ZEIT MAGAZIN Online<\/em>, <em>taz am Wochenende<\/em> und Gemeinn\u00fctzige Hertie-Stiftung.<\/p>\n\n\n\n<p>Ehrenamtliches Engagement:<br>Co-Leitung <strong>Sch\u00fclerzeitung-AG<\/strong> an der Havelland-Grundschule in Berlin<\/p>\n\n\n\n<p><strong>B\u00fccher<\/strong>:<br>Redaktion: <em><a href=\"https:\/\/www.ghst.de\/demokratieverstaerker\/\">Demokratieverst\u00e4rker. 21 Ideen 12 Monate. Eine Politikagenda f\u00fcr hier und jetzt<\/a><\/em>, Hrsg. Elisabeth Niejahr u. Dr. Grzegorz Nocko.<\/p>\n\n\n\n<p><em><a href=\"https:\/\/www.penguinrandomhouse.de\/ebook\/Ziemlich-feste-Freunde\/Susanne-Lang\/Blanvalet\/e439072.rhd\">Ziemlich feste Freunde<\/a>. Warum der Freundeskreis die bessere Familie ist<\/em>, Blanvalet 2014.<\/p>\n\n<\/div><\/div><\/div>\n\n<div class=\"gb-grid-column gb-grid-column-ba198f88\"><div class=\"gb-container gb-container-ba198f88\"><div class=\"gb-inside-container\"><\/div><\/div><\/div>\n<\/div>","protected":false},"excerpt":{"rendered":"","protected":false},"author":1,"featured_media":0,"parent":0,"menu_order":0,"comment_status":"closed","ping_status":"closed","template":"","meta":{"footnotes":""},"class_list":["post-4982","page","type-page","status-publish"],"yoast_head":"<!-- This site is optimized with the Yoast SEO plugin v27.5 - https:\/\/yoast.com\/product\/yoast-seo-wordpress\/ -->\n<title>\u00dcber mich - Der Politikerinnen-Podcast<\/title>\n<meta name=\"description\" content=\"Susanne Lang ist freie Journalistin und arbeitet u.a. f\u00fcr DIE ZEIT, ZEITMAGAZIN online, die taz am Wochenende, mfk corporate publishing und die Gemeinn\u00fctzige Hertie-Stiftung.\" \/>\n<meta name=\"robots\" content=\"index, follow, max-snippet:-1, max-image-preview:large, max-video-preview:-1\" \/>\n<link rel=\"canonical\" href=\"https:\/\/diepolitikerinnen.de\/index.php\/ueber-mich\/\" \/>\n<meta property=\"og:locale\" content=\"de_DE\" \/>\n<meta property=\"og:type\" content=\"article\" \/>\n<meta property=\"og:title\" content=\"\u00dcber mich - Der Politikerinnen-Podcast\" \/>\n<meta property=\"og:description\" content=\"Susanne Lang ist freie Journalistin und arbeitet u.a. f\u00fcr DIE ZEIT, ZEITMAGAZIN online, die taz am Wochenende, mfk corporate publishing und die Gemeinn\u00fctzige Hertie-Stiftung.\" \/>\n<meta property=\"og:url\" content=\"https:\/\/diepolitikerinnen.de\/index.php\/ueber-mich\/\" \/>\n<meta property=\"og:site_name\" content=\"Der Politikerinnen-Podcast\" \/>\n<meta property=\"article:modified_time\" content=\"2025-02-20T20:38:35+00:00\" \/>\n<meta property=\"og:image\" content=\"https:\/\/diepolitikerinnen.de\/wp-content\/uploads\/2021\/12\/DSC2994-scaled.jpg\" \/>\n\t<meta property=\"og:image:width\" content=\"1829\" \/>\n\t<meta property=\"og:image:height\" content=\"2560\" \/>\n\t<meta property=\"og:image:type\" content=\"image\/jpeg\" \/>\n<meta name=\"twitter:card\" content=\"summary_large_image\" \/>\n<meta name=\"twitter:label1\" content=\"Gesch\u00e4tzte Lesezeit\" \/>\n\t<meta name=\"twitter:data1\" content=\"1\u00a0Minute\" \/>\n<script type=\"application\/ld+json\" class=\"yoast-schema-graph\">{\"@context\":\"https:\\\/\\\/schema.org\",\"@graph\":[{\"@type\":\"WebPage\",\"@id\":\"https:\\\/\\\/diepolitikerinnen.de\\\/index.php\\\/ueber-mich\\\/\",\"url\":\"https:\\\/\\\/diepolitikerinnen.de\\\/index.php\\\/ueber-mich\\\/\",\"name\":\"\u00dcber mich - Der Politikerinnen-Podcast\",\"isPartOf\":{\"@id\":\"https:\\\/\\\/diepolitikerinnen.de\\\/#website\"},\"primaryImageOfPage\":{\"@id\":\"https:\\\/\\\/diepolitikerinnen.de\\\/index.php\\\/ueber-mich\\\/#primaryimage\"},\"image\":{\"@id\":\"https:\\\/\\\/diepolitikerinnen.de\\\/index.php\\\/ueber-mich\\\/#primaryimage\"},\"thumbnailUrl\":\"https:\\\/\\\/diepolitikerinnen.de\\\/wp-content\\\/uploads\\\/2021\\\/12\\\/DSC2994-731x1024.jpg\",\"datePublished\":\"2021-12-13T11:29:52+00:00\",\"dateModified\":\"2025-02-20T20:38:35+00:00\",\"description\":\"Susanne Lang ist freie Journalistin und arbeitet u.a. f\u00fcr DIE ZEIT, ZEITMAGAZIN online, die taz am Wochenende, mfk corporate publishing und die Gemeinn\u00fctzige Hertie-Stiftung.\",\"breadcrumb\":{\"@id\":\"https:\\\/\\\/diepolitikerinnen.de\\\/index.php\\\/ueber-mich\\\/#breadcrumb\"},\"inLanguage\":\"de\",\"potentialAction\":[{\"@type\":\"ReadAction\",\"target\":[\"https:\\\/\\\/diepolitikerinnen.de\\\/index.php\\\/ueber-mich\\\/\"]}]},{\"@type\":\"ImageObject\",\"inLanguage\":\"de\",\"@id\":\"https:\\\/\\\/diepolitikerinnen.de\\\/index.php\\\/ueber-mich\\\/#primaryimage\",\"url\":\"https:\\\/\\\/diepolitikerinnen.de\\\/wp-content\\\/uploads\\\/2021\\\/12\\\/DSC2994-scaled.jpg\",\"contentUrl\":\"https:\\\/\\\/diepolitikerinnen.de\\\/wp-content\\\/uploads\\\/2021\\\/12\\\/DSC2994-scaled.jpg\",\"width\":1829,\"height\":2560},{\"@type\":\"BreadcrumbList\",\"@id\":\"https:\\\/\\\/diepolitikerinnen.de\\\/index.php\\\/ueber-mich\\\/#breadcrumb\",\"itemListElement\":[{\"@type\":\"ListItem\",\"position\":1,\"name\":\"Startseite\",\"item\":\"https:\\\/\\\/diepolitikerinnen.de\\\/\"},{\"@type\":\"ListItem\",\"position\":2,\"name\":\"\u00dcber mich\"}]},{\"@type\":\"WebSite\",\"@id\":\"https:\\\/\\\/diepolitikerinnen.de\\\/#website\",\"url\":\"https:\\\/\\\/diepolitikerinnen.de\\\/\",\"name\":\"Der Politikerinnen-Podcast\",\"description\":\"Frauen gestalten Politik\",\"potentialAction\":[{\"@type\":\"SearchAction\",\"target\":{\"@type\":\"EntryPoint\",\"urlTemplate\":\"https:\\\/\\\/diepolitikerinnen.de\\\/?s={search_term_string}\"},\"query-input\":{\"@type\":\"PropertyValueSpecification\",\"valueRequired\":true,\"valueName\":\"search_term_string\"}}],\"inLanguage\":\"de\"}]}<\/script>\n<!-- \/ Yoast SEO plugin. -->","yoast_head_json":{"title":"\u00dcber mich - Der Politikerinnen-Podcast","description":"Susanne Lang ist freie Journalistin und arbeitet u.a. f\u00fcr DIE ZEIT, ZEITMAGAZIN online, die taz am Wochenende, mfk corporate publishing und die Gemeinn\u00fctzige Hertie-Stiftung.","robots":{"index":"index","follow":"follow","max-snippet":"max-snippet:-1","max-image-preview":"max-image-preview:large","max-video-preview":"max-video-preview:-1"},"canonical":"https:\/\/diepolitikerinnen.de\/index.php\/ueber-mich\/","og_locale":"de_DE","og_type":"article","og_title":"\u00dcber mich - Der Politikerinnen-Podcast","og_description":"Susanne Lang ist freie Journalistin und arbeitet u.a. f\u00fcr DIE ZEIT, ZEITMAGAZIN online, die taz am Wochenende, mfk corporate publishing und die Gemeinn\u00fctzige Hertie-Stiftung.","og_url":"https:\/\/diepolitikerinnen.de\/index.php\/ueber-mich\/","og_site_name":"Der Politikerinnen-Podcast","article_modified_time":"2025-02-20T20:38:35+00:00","og_image":[{"width":1829,"height":2560,"url":"https:\/\/diepolitikerinnen.de\/wp-content\/uploads\/2021\/12\/DSC2994-scaled.jpg","type":"image\/jpeg"}],"twitter_card":"summary_large_image","twitter_misc":{"Gesch\u00e4tzte Lesezeit":"1\u00a0Minute"},"schema":{"@context":"https:\/\/schema.org","@graph":[{"@type":"WebPage","@id":"https:\/\/diepolitikerinnen.de\/index.php\/ueber-mich\/","url":"https:\/\/diepolitikerinnen.de\/index.php\/ueber-mich\/","name":"\u00dcber mich - Der Politikerinnen-Podcast","isPartOf":{"@id":"https:\/\/diepolitikerinnen.de\/#website"},"primaryImageOfPage":{"@id":"https:\/\/diepolitikerinnen.de\/index.php\/ueber-mich\/#primaryimage"},"image":{"@id":"https:\/\/diepolitikerinnen.de\/index.php\/ueber-mich\/#primaryimage"},"thumbnailUrl":"https:\/\/diepolitikerinnen.de\/wp-content\/uploads\/2021\/12\/DSC2994-731x1024.jpg","datePublished":"2021-12-13T11:29:52+00:00","dateModified":"2025-02-20T20:38:35+00:00","description":"Susanne Lang ist freie Journalistin und arbeitet u.a. f\u00fcr DIE ZEIT, ZEITMAGAZIN online, die taz am Wochenende, mfk corporate publishing und die Gemeinn\u00fctzige Hertie-Stiftung.","breadcrumb":{"@id":"https:\/\/diepolitikerinnen.de\/index.php\/ueber-mich\/#breadcrumb"},"inLanguage":"de","potentialAction":[{"@type":"ReadAction","target":["https:\/\/diepolitikerinnen.de\/index.php\/ueber-mich\/"]}]},{"@type":"ImageObject","inLanguage":"de","@id":"https:\/\/diepolitikerinnen.de\/index.php\/ueber-mich\/#primaryimage","url":"https:\/\/diepolitikerinnen.de\/wp-content\/uploads\/2021\/12\/DSC2994-scaled.jpg","contentUrl":"https:\/\/diepolitikerinnen.de\/wp-content\/uploads\/2021\/12\/DSC2994-scaled.jpg","width":1829,"height":2560},{"@type":"BreadcrumbList","@id":"https:\/\/diepolitikerinnen.de\/index.php\/ueber-mich\/#breadcrumb","itemListElement":[{"@type":"ListItem","position":1,"name":"Startseite","item":"https:\/\/diepolitikerinnen.de\/"},{"@type":"ListItem","position":2,"name":"\u00dcber mich"}]},{"@type":"WebSite","@id":"https:\/\/diepolitikerinnen.de\/#website","url":"https:\/\/diepolitikerinnen.de\/","name":"Der Politikerinnen-Podcast","description":"Frauen gestalten Politik","potentialAction":[{"@type":"SearchAction","target":{"@type":"EntryPoint","urlTemplate":"https:\/\/diepolitikerinnen.de\/?s={search_term_string}"},"query-input":{"@type":"PropertyValueSpecification","valueRequired":true,"valueName":"search_term_string"}}],"inLanguage":"de"}]}},"_links":{"self":[{"href":"https:\/\/diepolitikerinnen.de\/index.php\/wp-json\/wp\/v2\/pages\/4982","targetHints":{"allow":["GET"]}}],"collection":[{"href":"https:\/\/diepolitikerinnen.de\/index.php\/wp-json\/wp\/v2\/pages"}],"about":[{"href":"https:\/\/diepolitikerinnen.de\/index.php\/wp-json\/wp\/v2\/types\/page"}],"author":[{"embeddable":true,"href":"https:\/\/diepolitikerinnen.de\/index.php\/wp-json\/wp\/v2\/users\/1"}],"replies":[{"embeddable":true,"href":"https:\/\/diepolitikerinnen.de\/index.php\/wp-json\/wp\/v2\/comments?post=4982"}],"version-history":[{"count":12,"href":"https:\/\/diepolitikerinnen.de\/index.php\/wp-json\/wp\/v2\/pages\/4982\/revisions"}],"predecessor-version":[{"id":5482,"href":"https:\/\/diepolitikerinnen.de\/index.php\/wp-json\/wp\/v2\/pages\/4982\/revisions\/5482"}],"wp:attachment":[{"href":"https:\/\/diepolitikerinnen.de\/index.php\/wp-json\/wp\/v2\/media?parent=4982"}],"curies":[{"name":"wp","href":"https:\/\/api.w.org\/{rel}","templated":true}]}}