{"id":3566,"date":"2020-09-26T15:47:09","date_gmt":"2020-09-26T15:47:09","guid":{"rendered":"https:\/\/gpsites.co\/stream\/?page_id=3566"},"modified":"2022-04-06T07:58:32","modified_gmt":"2022-04-06T07:58:32","slug":"contact","status":"publish","type":"page","link":"https:\/\/diepolitikerinnen.de\/index.php\/contact\/","title":{"rendered":"Kontakt"},"content":{"rendered":"<div class=\"gb-container gb-container-7d79c227\"><div class=\"gb-inside-container\">\n<div class=\"gb-grid-wrapper gb-grid-wrapper-863c3b3f\">\n<div class=\"gb-grid-column gb-grid-column-c76f7c15\"><div class=\"gb-container gb-container-c76f7c15\"><div class=\"gb-inside-container\">\n\n<h2 class=\"gb-headline gb-headline-2b5ffa44 gb-headline-text\">Ihr wollt mit uns diskutieren?<\/h2>\n\n\n\n<p>Schickt uns eure Fragen, Anregungen, Kommentare und Kritik.<br>Wir nehmen sie gerne auf!<\/p>\n\n\n\n<h2 class=\"wp-block-heading\">Spenden?<\/h2>\n\n\n\n<p>Wir freuen uns \u00fcber Unterst\u00fctzung! Das geht ganz einfach \u00fcber den Dienstleister Paypal.<\/p>\n\n\n<div id=\"donate-button-container\">\n<div id=\"donate-button\"><\/div>\n<p><script src=\"https:\/\/www.paypalobjects.com\/donate\/sdk\/donate-sdk.js\" charset=\"UTF-8\"><\/script><br \/>\n<script>\nPayPal.Donation.Button({\nenv:'production',\nhosted_button_id:'69ALF6CHLNT5A',\nimage: {\nsrc:'https:\/\/www.paypalobjects.com\/de_DE\/DE\/i\/btn\/btn_donate_SM.gif',\nalt:'Spenden mit dem PayPal-Button',\ntitle:'PayPal - The safer, easier way to pay online!',\n}\n}).render('#donate-button');\n<\/script>\n<\/div>\n\n\n\n<h2 class=\"gb-headline gb-headline-0f11f6c1 gb-headline-text\">Sie wollen den Podcast gerne sponsoren?<\/h2>\n\n\n\n<p>Kontaktieren Sie mich gerne unter der angegebenen Mailadresse. <\/p>\n\n\n\n<p class=\"gb-headline gb-headline-195e849b gb-headline-text\">Email susanne.c.lang (at) gmail.com<\/p>\n\n\n<div class=\"gb-button-wrapper gb-button-wrapper-7ba0433e\">\n\n<a class=\"gb-button gb-button-75ba30e5\" href=\"https:\/\/twitter.com\/langsusanne\"><span class=\"gb-icon\"><svg xmlns=\"http:\/\/www.w3.org\/2000\/svg\" viewBox=\"0 0 512 512\" width=\"1em\" height=\"1em\" aria-hidden=\"true\"><path d=\"M459.37 151.716c.325 4.548.325 9.097.325 13.645 0 138.72-105.583 298.558-298.558 298.558-59.452 0-114.68-17.219-161.137-47.106 8.447.974 16.568 1.299 25.34 1.299 49.055 0 94.213-16.568 130.274-44.832-46.132-.975-84.792-31.188-98.112-72.772 6.498.974 12.995 1.624 19.818 1.624 9.421 0 18.843-1.3 27.614-3.573-48.081-9.747-84.143-51.98-84.143-102.985v-1.299c13.969 7.797 30.214 12.67 47.431 13.319-28.264-18.843-46.781-51.005-46.781-87.391 0-19.492 5.197-37.36 14.294-52.954 51.655 63.675 129.3 105.258 216.365 109.807-1.624-7.797-2.599-15.918-2.599-24.04 0-57.828 46.782-104.934 104.934-104.934 30.213 0 57.502 12.67 76.67 33.137 23.715-4.548 46.456-13.32 66.599-25.34-7.798 24.366-24.366 44.833-46.132 57.827 21.117-2.273 41.584-8.122 60.426-16.243-14.292 20.791-32.161 39.308-52.628 54.253z\" fill=\"currentColor\"><\/path><\/svg><\/span><\/a>\n\n\n\n<a class=\"gb-button gb-button-f82a1ca1\" href=\"https:\/\/www.instagram.com\/susanne.c.lang\/\"><span class=\"gb-icon\"><svg aria-hidden=\"true\" role=\"img\" height=\"1em\" width=\"1em\" viewBox=\"0 0 448 512\" xmlns=\"http:\/\/www.w3.org\/2000\/svg\"><path fill=\"currentColor\" d=\"M224.1 141c-63.6 0-114.9 51.3-114.9 114.9s51.3 114.9 114.9 114.9S339 319.5 339 255.9 287.7 141 224.1 141zm0 189.6c-41.1 0-74.7-33.5-74.7-74.7s33.5-74.7 74.7-74.7 74.7 33.5 74.7 74.7-33.6 74.7-74.7 74.7zm146.4-194.3c0 14.9-12 26.8-26.8 26.8-14.9 0-26.8-12-26.8-26.8s12-26.8 26.8-26.8 26.8 12 26.8 26.8zm76.1 27.2c-1.7-35.9-9.9-67.7-36.2-93.9-26.2-26.2-58-34.4-93.9-36.2-37-2.1-147.9-2.1-184.9 0-35.8 1.7-67.6 9.9-93.9 36.1s-34.4 58-36.2 93.9c-2.1 37-2.1 147.9 0 184.9 1.7 35.9 9.9 67.7 36.2 93.9s58 34.4 93.9 36.2c37 2.1 147.9 2.1 184.9 0 35.9-1.7 67.7-9.9 93.9-36.2 26.2-26.2 34.4-58 36.2-93.9 2.1-37 2.1-147.8 0-184.8zM398.8 388c-7.8 19.6-22.9 34.7-42.6 42.6-29.5 11.7-99.5 9-132.1 9s-102.7 2.6-132.1-9c-19.6-7.8-34.7-22.9-42.6-42.6-11.7-29.5-9-99.5-9-132.1s-2.6-102.7 9-132.1c7.8-19.6 22.9-34.7 42.6-42.6 29.5-11.7 99.5-9 132.1-9s102.7-2.6 132.1 9c19.6 7.8 34.7 22.9 42.6 42.6 11.7 29.5 9 99.5 9 132.1s2.7 102.7-9 132.1z\"><\/path><\/svg><\/span><\/a>\n\n\n\n<a class=\"gb-button gb-button-ea5d2759\" href=\"https:\/\/www.facebook.com\/susanne.c.lang\"><span class=\"gb-icon\"><svg xmlns=\"http:\/\/www.w3.org\/2000\/svg\" viewBox=\"0 0 320 512\" width=\"1em\" height=\"1em\" aria-hidden=\"true\"><path d=\"M279.14 288l14.22-92.66h-88.91v-60.13c0-25.35 12.42-50.06 52.24-50.06h40.42V6.26S260.43 0 225.36 0c-73.22 0-121.08 44.38-121.08 124.72v70.62H22.89V288h81.39v224h100.17V288z\" fill=\"currentColor\"><\/path><\/svg><\/span><\/a>\n\n\n\n<a class=\"gb-button gb-button-b2b3f30c\" href=\"https:\/\/www.linkedin.com\/in\/susanne-lang-67a44774\/\"><span class=\"gb-icon\"><svg aria-hidden=\"true\" role=\"img\" height=\"1em\" width=\"1em\" viewBox=\"0 0 448 512\" xmlns=\"http:\/\/www.w3.org\/2000\/svg\"><path fill=\"currentColor\" d=\"M100.28 448H7.4V148.9h92.88zM53.79 108.1C24.09 108.1 0 83.5 0 53.8a53.79 53.79 0 0 1 107.58 0c0 29.7-24.1 54.3-53.79 54.3zM447.9 448h-92.68V302.4c0-34.7-.7-79.2-48.29-79.2-48.29 0-55.69 37.7-55.69 76.7V448h-92.78V148.9h89.08v40.8h1.3c12.4-23.5 42.69-48.3 87.88-48.3 94 0 111.28 61.9 111.28 142.3V448z\"><\/path><\/svg><\/span><\/a>\n\n<\/div>\n<\/div><\/div><\/div>\n\n<div class=\"gb-grid-column gb-grid-column-891ee615\"><div class=\"gb-container gb-container-891ee615\"><div class=\"gb-inside-container\">\n\n<figure class=\"wp-block-image size-large\"><img loading=\"lazy\" decoding=\"async\" width=\"1024\" height=\"1024\" src=\"https:\/\/diepolitikerinnen.de\/wp-content\/uploads\/2022\/02\/POLITIKERINNEN-PODCAST-klein-1024x1024.jpg\" alt=\"\" class=\"wp-image-5121\" srcset=\"https:\/\/diepolitikerinnen.de\/wp-content\/uploads\/2022\/02\/POLITIKERINNEN-PODCAST-klein-1024x1024.jpg 1024w, https:\/\/diepolitikerinnen.de\/wp-content\/uploads\/2022\/02\/POLITIKERINNEN-PODCAST-klein-300x300.jpg 300w, https:\/\/diepolitikerinnen.de\/wp-content\/uploads\/2022\/02\/POLITIKERINNEN-PODCAST-klein-150x150.jpg 150w, https:\/\/diepolitikerinnen.de\/wp-content\/uploads\/2022\/02\/POLITIKERINNEN-PODCAST-klein-768x768.jpg 768w, https:\/\/diepolitikerinnen.de\/wp-content\/uploads\/2022\/02\/POLITIKERINNEN-PODCAST-klein.jpg 1400w\" sizes=\"auto, (max-width: 1024px) 100vw, 1024px\" \/><\/figure>\n\n\n\n<\/div><\/div><\/div>\n<\/div>\n<\/div><\/div>\n\n\n<p><\/p>\n","protected":false},"excerpt":{"rendered":"","protected":false},"author":1,"featured_media":0,"parent":0,"menu_order":0,"comment_status":"closed","ping_status":"closed","template":"","meta":{"footnotes":""},"class_list":["post-3566","page","type-page","status-publish"],"yoast_head":"<!-- This site is optimized with the Yoast SEO plugin v27.5 - https:\/\/yoast.com\/product\/yoast-seo-wordpress\/ -->\n<title>Kontakt - Der Politikerinnen-Podcast<\/title>\n<meta name=\"robots\" content=\"index, follow, max-snippet:-1, max-image-preview:large, max-video-preview:-1\" \/>\n<link rel=\"canonical\" href=\"https:\/\/diepolitikerinnen.de\/index.php\/contact\/\" \/>\n<meta property=\"og:locale\" content=\"de_DE\" \/>\n<meta property=\"og:type\" content=\"article\" \/>\n<meta property=\"og:title\" content=\"Kontakt - Der Politikerinnen-Podcast\" \/>\n<meta property=\"og:url\" content=\"https:\/\/diepolitikerinnen.de\/index.php\/contact\/\" \/>\n<meta property=\"og:site_name\" content=\"Der Politikerinnen-Podcast\" \/>\n<meta property=\"article:modified_time\" content=\"2022-04-06T07:58:32+00:00\" \/>\n<meta property=\"og:image\" content=\"https:\/\/diepolitikerinnen.de\/wp-content\/uploads\/2022\/02\/POLITIKERINNEN-PODCAST-klein-1024x1024.jpg\" \/>\n<meta name=\"twitter:card\" content=\"summary_large_image\" \/>\n<meta name=\"twitter:label1\" content=\"Gesch\u00e4tzte Lesezeit\" \/>\n\t<meta name=\"twitter:data1\" content=\"1\u00a0Minute\" \/>\n<script type=\"application\/ld+json\" class=\"yoast-schema-graph\">{\"@context\":\"https:\\\/\\\/schema.org\",\"@graph\":[{\"@type\":\"WebPage\",\"@id\":\"https:\\\/\\\/diepolitikerinnen.de\\\/index.php\\\/contact\\\/\",\"url\":\"https:\\\/\\\/diepolitikerinnen.de\\\/index.php\\\/contact\\\/\",\"name\":\"Kontakt - Der Politikerinnen-Podcast\",\"isPartOf\":{\"@id\":\"https:\\\/\\\/diepolitikerinnen.de\\\/#website\"},\"primaryImageOfPage\":{\"@id\":\"https:\\\/\\\/diepolitikerinnen.de\\\/index.php\\\/contact\\\/#primaryimage\"},\"image\":{\"@id\":\"https:\\\/\\\/diepolitikerinnen.de\\\/index.php\\\/contact\\\/#primaryimage\"},\"thumbnailUrl\":\"https:\\\/\\\/diepolitikerinnen.de\\\/wp-content\\\/uploads\\\/2022\\\/02\\\/POLITIKERINNEN-PODCAST-klein-1024x1024.jpg\",\"datePublished\":\"2020-09-26T15:47:09+00:00\",\"dateModified\":\"2022-04-06T07:58:32+00:00\",\"breadcrumb\":{\"@id\":\"https:\\\/\\\/diepolitikerinnen.de\\\/index.php\\\/contact\\\/#breadcrumb\"},\"inLanguage\":\"de\",\"potentialAction\":[{\"@type\":\"ReadAction\",\"target\":[\"https:\\\/\\\/diepolitikerinnen.de\\\/index.php\\\/contact\\\/\"]}]},{\"@type\":\"ImageObject\",\"inLanguage\":\"de\",\"@id\":\"https:\\\/\\\/diepolitikerinnen.de\\\/index.php\\\/contact\\\/#primaryimage\",\"url\":\"https:\\\/\\\/diepolitikerinnen.de\\\/wp-content\\\/uploads\\\/2022\\\/02\\\/POLITIKERINNEN-PODCAST-klein.jpg\",\"contentUrl\":\"https:\\\/\\\/diepolitikerinnen.de\\\/wp-content\\\/uploads\\\/2022\\\/02\\\/POLITIKERINNEN-PODCAST-klein.jpg\",\"width\":1400,\"height\":1400},{\"@type\":\"BreadcrumbList\",\"@id\":\"https:\\\/\\\/diepolitikerinnen.de\\\/index.php\\\/contact\\\/#breadcrumb\",\"itemListElement\":[{\"@type\":\"ListItem\",\"position\":1,\"name\":\"Startseite\",\"item\":\"https:\\\/\\\/diepolitikerinnen.de\\\/\"},{\"@type\":\"ListItem\",\"position\":2,\"name\":\"Kontakt\"}]},{\"@type\":\"WebSite\",\"@id\":\"https:\\\/\\\/diepolitikerinnen.de\\\/#website\",\"url\":\"https:\\\/\\\/diepolitikerinnen.de\\\/\",\"name\":\"Der Politikerinnen-Podcast\",\"description\":\"Frauen gestalten Politik\",\"potentialAction\":[{\"@type\":\"SearchAction\",\"target\":{\"@type\":\"EntryPoint\",\"urlTemplate\":\"https:\\\/\\\/diepolitikerinnen.de\\\/?s={search_term_string}\"},\"query-input\":{\"@type\":\"PropertyValueSpecification\",\"valueRequired\":true,\"valueName\":\"search_term_string\"}}],\"inLanguage\":\"de\"}]}<\/script>\n<!-- \/ Yoast SEO plugin. -->","yoast_head_json":{"title":"Kontakt - Der Politikerinnen-Podcast","robots":{"index":"index","follow":"follow","max-snippet":"max-snippet:-1","max-image-preview":"max-image-preview:large","max-video-preview":"max-video-preview:-1"},"canonical":"https:\/\/diepolitikerinnen.de\/index.php\/contact\/","og_locale":"de_DE","og_type":"article","og_title":"Kontakt - Der Politikerinnen-Podcast","og_url":"https:\/\/diepolitikerinnen.de\/index.php\/contact\/","og_site_name":"Der Politikerinnen-Podcast","article_modified_time":"2022-04-06T07:58:32+00:00","og_image":[{"url":"https:\/\/diepolitikerinnen.de\/wp-content\/uploads\/2022\/02\/POLITIKERINNEN-PODCAST-klein-1024x1024.jpg","type":"","width":"","height":""}],"twitter_card":"summary_large_image","twitter_misc":{"Gesch\u00e4tzte Lesezeit":"1\u00a0Minute"},"schema":{"@context":"https:\/\/schema.org","@graph":[{"@type":"WebPage","@id":"https:\/\/diepolitikerinnen.de\/index.php\/contact\/","url":"https:\/\/diepolitikerinnen.de\/index.php\/contact\/","name":"Kontakt - Der Politikerinnen-Podcast","isPartOf":{"@id":"https:\/\/diepolitikerinnen.de\/#website"},"primaryImageOfPage":{"@id":"https:\/\/diepolitikerinnen.de\/index.php\/contact\/#primaryimage"},"image":{"@id":"https:\/\/diepolitikerinnen.de\/index.php\/contact\/#primaryimage"},"thumbnailUrl":"https:\/\/diepolitikerinnen.de\/wp-content\/uploads\/2022\/02\/POLITIKERINNEN-PODCAST-klein-1024x1024.jpg","datePublished":"2020-09-26T15:47:09+00:00","dateModified":"2022-04-06T07:58:32+00:00","breadcrumb":{"@id":"https:\/\/diepolitikerinnen.de\/index.php\/contact\/#breadcrumb"},"inLanguage":"de","potentialAction":[{"@type":"ReadAction","target":["https:\/\/diepolitikerinnen.de\/index.php\/contact\/"]}]},{"@type":"ImageObject","inLanguage":"de","@id":"https:\/\/diepolitikerinnen.de\/index.php\/contact\/#primaryimage","url":"https:\/\/diepolitikerinnen.de\/wp-content\/uploads\/2022\/02\/POLITIKERINNEN-PODCAST-klein.jpg","contentUrl":"https:\/\/diepolitikerinnen.de\/wp-content\/uploads\/2022\/02\/POLITIKERINNEN-PODCAST-klein.jpg","width":1400,"height":1400},{"@type":"BreadcrumbList","@id":"https:\/\/diepolitikerinnen.de\/index.php\/contact\/#breadcrumb","itemListElement":[{"@type":"ListItem","position":1,"name":"Startseite","item":"https:\/\/diepolitikerinnen.de\/"},{"@type":"ListItem","position":2,"name":"Kontakt"}]},{"@type":"WebSite","@id":"https:\/\/diepolitikerinnen.de\/#website","url":"https:\/\/diepolitikerinnen.de\/","name":"Der Politikerinnen-Podcast","description":"Frauen gestalten Politik","potentialAction":[{"@type":"SearchAction","target":{"@type":"EntryPoint","urlTemplate":"https:\/\/diepolitikerinnen.de\/?s={search_term_string}"},"query-input":{"@type":"PropertyValueSpecification","valueRequired":true,"valueName":"search_term_string"}}],"inLanguage":"de"}]}},"_links":{"self":[{"href":"https:\/\/diepolitikerinnen.de\/index.php\/wp-json\/wp\/v2\/pages\/3566","targetHints":{"allow":["GET"]}}],"collection":[{"href":"https:\/\/diepolitikerinnen.de\/index.php\/wp-json\/wp\/v2\/pages"}],"about":[{"href":"https:\/\/diepolitikerinnen.de\/index.php\/wp-json\/wp\/v2\/types\/page"}],"author":[{"embeddable":true,"href":"https:\/\/diepolitikerinnen.de\/index.php\/wp-json\/wp\/v2\/users\/1"}],"replies":[{"embeddable":true,"href":"https:\/\/diepolitikerinnen.de\/index.php\/wp-json\/wp\/v2\/comments?post=3566"}],"version-history":[{"count":19,"href":"https:\/\/diepolitikerinnen.de\/index.php\/wp-json\/wp\/v2\/pages\/3566\/revisions"}],"predecessor-version":[{"id":5246,"href":"https:\/\/diepolitikerinnen.de\/index.php\/wp-json\/wp\/v2\/pages\/3566\/revisions\/5246"}],"wp:attachment":[{"href":"https:\/\/diepolitikerinnen.de\/index.php\/wp-json\/wp\/v2\/media?parent=3566"}],"curies":[{"name":"wp","href":"https:\/\/api.w.org\/{rel}","templated":true}]}}