{"id":3556,"date":"2020-09-26T15:45:58","date_gmt":"2020-09-26T15:45:58","guid":{"rendered":"https:\/\/gpsites.co\/stream\/?page_id=3556"},"modified":"2023-12-04T21:12:18","modified_gmt":"2023-12-04T21:12:18","slug":"home","status":"publish","type":"page","link":"https:\/\/diepolitikerinnen.de\/","title":{"rendered":"Home"},"content":{"rendered":"<div class=\"gb-container gb-container-6988789f\"><div class=\"gb-inside-container\">\n\n<div class=\"wp-block-columns is-layout-flex wp-container-core-columns-is-layout-9d6595d7 wp-block-columns-is-layout-flex\">\n<div class=\"wp-block-column is-layout-flow wp-block-column-is-layout-flow\" style=\"flex-basis:50%\"><div class=\"gb-grid-wrapper gb-grid-wrapper-85de27a8\">\n<div class=\"gb-grid-column gb-grid-column-7581e29c\"><div class=\"gb-container gb-container-7581e29c\"><div class=\"gb-inside-container\">\n\n<h1 class=\"gb-headline gb-headline-7fb735cd gb-headline-text\">Wie Frauen die Zukunft gestalten.<\/h1>\n\n\n\n<p><\/p>\n\n\n\n<h5 class=\"gb-headline gb-headline-fc319e61 gb-headline-text\">Der Podcast f\u00fcr alle, die neue und andere Stimmen aus dem Bundestag h\u00f6ren wollen.<\/h5>\n\n\n\n<p><\/p>\n\n\n\n<p><\/p>\n\n\n\n<p class=\"has-base-3-color has-text-color\">Herzlich Willkommen bei meinem Podcast <strong>Die Politikerinnen<\/strong>!<br>Wenn ihr euch auch fragt, wie es Frauen gelingen kann, ihre Interessen st\u00e4rker politisch zu vertreten und durchzusetzen, dann seid ihr hier genau richtig. Denn ich spreche in diesem Podcast mit Politikerinnen, die sich engagieren &#8211; trotz der Widerst\u00e4nde, mit denen sie oft noch konfrontiert sind und ab und an auch trotz der Zweifel, die sie haben. So unterschiedlich sie in ihren Ansichten sind, alle Frauen eint eines: Sie wollen die Zukunft anders gestalten, unter Einbezug anderer Perspektiven. In der Hauptreihe des Podcasts begleite ich diese drei Politikerinnen w\u00e4hrend ihres ersten Bundestagsmandats:<\/p>\n\n\n\n<h4 class=\"wp-block-heading has-text-color\" style=\"color:#e6266e\">Ye-One Rhie, 36, SPD<\/h4>\n\n\n\n<h4 class=\"wp-block-heading has-text-color\" style=\"color:#97f868\">Katharina Beck, 41, B90\/Die Gr\u00fcnen<\/h4>\n\n\n\n<h4 class=\"wp-block-heading has-text-color\" style=\"color:#f2f65a\">Anik\u00f3 Glogowski-Merten, 41, FDP<\/h4>\n\n\n\n<p class=\"has-base-3-color has-text-color\">Alle drei sind im September 2021 neu in den Bundestag gew\u00e4hlt worden. Anik\u00f3 Glogowski-Merten und Ye-One Rhie engagieren sich seit Jahren kommunalpolitisch, Katharina Beck ist als nachhaltige Unternehmensberaterin von der Wirtschaft in die Politik gewechselt. Alle drei stehen wie viele ihrer Kolleginnen f\u00fcr einen neuen Politikstil: Transparenz, B\u00fcrger*innendialog, Augenh\u00f6he. <\/p>\n\n\n\n<p class=\"has-base-3-color has-text-color\">Was k\u00f6nnen wir von ihnen lernen? Was erreichen sie? Wie bleiben sie sich treu?<\/p>\n\n\n\n<p class=\"has-base-3-color has-text-color\">Dar\u00fcber spreche ich mit den drei Politikerinnen<br>regelm\u00e4\u00dfig, \u00fcber die komplette Legislatur hinweg.<\/p>\n\n<\/div><\/div><\/div>\n<\/div><\/div>\n\n\n\n<div class=\"wp-block-column is-layout-flow wp-block-column-is-layout-flow\" style=\"flex-basis:50%\">\n<figure class=\"wp-block-image size-large\"><img loading=\"lazy\" decoding=\"async\" width=\"1024\" height=\"1024\" src=\"https:\/\/diepolitikerinnen.de\/wp-content\/uploads\/2022\/04\/POLITIKERINNEN-PODCAST-5-1024x1024.jpg\" alt=\"\" class=\"wp-image-5284\" srcset=\"https:\/\/diepolitikerinnen.de\/wp-content\/uploads\/2022\/04\/POLITIKERINNEN-PODCAST-5-1024x1024.jpg 1024w, https:\/\/diepolitikerinnen.de\/wp-content\/uploads\/2022\/04\/POLITIKERINNEN-PODCAST-5-300x300.jpg 300w, https:\/\/diepolitikerinnen.de\/wp-content\/uploads\/2022\/04\/POLITIKERINNEN-PODCAST-5-150x150.jpg 150w, https:\/\/diepolitikerinnen.de\/wp-content\/uploads\/2022\/04\/POLITIKERINNEN-PODCAST-5-768x768.jpg 768w, https:\/\/diepolitikerinnen.de\/wp-content\/uploads\/2022\/04\/POLITIKERINNEN-PODCAST-5.jpg 1400w\" sizes=\"auto, (max-width: 1024px) 100vw, 1024px\" \/><\/figure>\n\n\n\n<div style=\"height:100px\" aria-hidden=\"true\" class=\"wp-block-spacer\"><\/div>\n\n\n\n<hr class=\"wp-block-separator has-css-opacity\"\/>\n\n\n\n<div style=\"height:100px\" aria-hidden=\"true\" class=\"wp-block-spacer\"><\/div>\n\n\n\n<h3 class=\"gb-headline gb-headline-8b2d12e2\"><span class=\"gb-icon\"><svg xmlns=\"http:\/\/www.w3.org\/2000\/svg\" viewBox=\"0 0 68.98 38.88\"><path d=\"M15.51 38.88H0L22.45 0h15.51zM46.53 38.88H31.02L53.47 0h15.51z\"><\/path><\/svg><\/span><span class=\"gb-headline-text\">erste bilanz<\/span><\/h3>\n\n\n\n<p><\/p>\n\n\n<p><script class=\"podigee-podcast-player\" src=\"https:\/\/player.podigee-cdn.net\/podcast-player\/javascripts\/podigee-podcast-player.js\" data-configuration=\"https:\/\/die-politikerinnen.podigee.io\/31-jahresrueckblick2022\/embed?context=external\"><\/script><\/p>\n<\/div>\n<\/div>\n\n\n<div class=\"gb-button-wrapper gb-button-wrapper-d7de9e67\">\n\n<a class=\"gb-button gb-button-9a09795b\" href=\"https:\/\/diepolitikerinnen.de\/index.php\/episodes\/\"><span class=\"gb-button-text\">Alle Episoden <\/span><span class=\"gb-icon\"><svg xmlns=\"http:\/\/www.w3.org\/2000\/svg\" viewBox=\"0 0 100 100\"><path d=\"M0 98.55V1.45C0 .92.26.48.64.22s.87-.31 1.32-.08L50.7 24.62 99.44 49.1c.38.19.56.54.56.9s-.18.71-.55.89L50.71 75.38 1.96 99.86c-.46.23-.95.17-1.32-.08S0 99.08 0 98.55zM13.74 22.1v55.8l27.77-13.95L69.28 50 41.51 36.05 13.74 22.1z\"><\/path><\/svg><\/span><\/a>\n\n<\/div>\n<\/div><\/div>\n\n<div class=\"gb-container gb-container-3d5d5356\"><div class=\"gb-inside-container\">\n<div class=\"gb-grid-wrapper gb-grid-wrapper-ce209d0e\">\n<div class=\"gb-grid-column gb-grid-column-ed07c45b\"><div class=\"gb-container gb-container-ed07c45b\"><div class=\"gb-inside-container\">\n\n<h2 class=\"gb-headline gb-headline-8147db57 gb-headline-text\">Verpasse keine Folge<\/h2>\n\n\n\n<p class=\"gb-headline gb-headline-9d3feac6 gb-headline-text\">Registriere dich f\u00fcr den Politikerinnen-Newsletter!<\/p>\n\n<\/div><\/div><\/div>\n\n<div class=\"gb-grid-column gb-grid-column-0a224e83\"><div class=\"gb-container gb-container-0a224e83\"><div class=\"gb-inside-container\">\n\n<script>(function() {\n\twindow.mc4wp = window.mc4wp || {\n\t\tlisteners: [],\n\t\tforms: {\n\t\t\ton: function(evt, cb) {\n\t\t\t\twindow.mc4wp.listeners.push(\n\t\t\t\t\t{\n\t\t\t\t\t\tevent   : evt,\n\t\t\t\t\t\tcallback: cb\n\t\t\t\t\t}\n\t\t\t\t);\n\t\t\t}\n\t\t}\n\t}\n})();\n<\/script><!-- Mailchimp for WordPress v4.9.4 - https:\/\/wordpress.org\/plugins\/mailchimp-for-wp\/ --><form id=\"mc4wp-form-1\" class=\"mc4wp-form mc4wp-form-3756\" method=\"post\" data-id=\"3756\" data-name=\"Demo Form\" ><div class=\"mc4wp-form-fields\"><input type=\"email\" name=\"EMAIL\" placeholder=\"email\" required \/><input type=\"submit\" value=\"JOIN\" \/><\/div><label style=\"display: none !important;\">Wenn du ein Mensch bist, lasse das Feld leer: <input type=\"text\" name=\"_mc4wp_honeypot\" value=\"\" tabindex=\"-1\" autocomplete=\"off\" \/><\/label><input type=\"hidden\" name=\"_mc4wp_timestamp\" value=\"1777580030\" \/><input type=\"hidden\" name=\"_mc4wp_form_id\" value=\"3756\" \/><input type=\"hidden\" name=\"_mc4wp_form_element_id\" value=\"mc4wp-form-1\" \/><div class=\"mc4wp-response\"><\/div><\/form><!-- \/ Mailchimp for WordPress Plugin -->\n\n<\/div><\/div><\/div>\n<\/div>\n<\/div><\/div>\n\n<div class=\"gb-container gb-container-2992f866\"><div class=\"gb-inside-container\">\n\n<p>Das Langzeit-Projekt ist gef\u00f6rdert mit dem Neustart-Kultur-Stipendium 2021 der VG Wort.<\/p>\n\n<\/div><\/div>\n\n<div class=\"gb-container gb-container-401547f4\"><div class=\"gb-inside-container\">\n<div class=\"gb-grid-wrapper gb-grid-wrapper-fd1ab8f9\">\n<div class=\"gb-grid-column gb-grid-column-2c714224\"><div class=\"gb-container gb-container-2c714224\"><div class=\"gb-inside-container\">\n\n<h3 class=\"gb-headline gb-headline-b1976434 gb-headline-text\">Sie wollen den Politikerinnen-Podcast unterst\u00fctzen?<\/h3>\n\n\n\n<p class=\"gb-headline gb-headline-b5f1e5ed gb-headline-text\">Werden Sie Sponsor einer oder mehrerer Folgen.<\/p>\n\n<\/div><\/div><\/div>\n\n<div class=\"gb-grid-column gb-grid-column-1ce6c13e\"><div class=\"gb-container gb-container-1ce6c13e\"><div class=\"gb-inside-container\">\n<div class=\"gb-button-wrapper gb-button-wrapper-bdb462ce\">\n\n<a class=\"gb-button gb-button-db17148c button\" href=\"https:\/\/diepolitikerinnen.de\/index.php\/contact\/\"><span class=\"gb-button-text\">Sponsorship<\/span><span class=\"gb-icon\"><svg viewBox=\"0 0 100 100\" xmlns=\"http:\/\/www.w3.org\/2000\/svg\"><path d=\"M0 98.55V1.45C0 .92.26.48.64.22s.87-.31 1.32-.08L50.7 24.62 99.44 49.1c.38.19.56.54.56.9s-.18.71-.55.89L50.71 75.38 1.96 99.86c-.46.23-.95.17-1.32-.08S0 99.08 0 98.55zM13.74 22.1v55.8l27.77-13.95L69.28 50 41.51 36.05 13.74 22.1z\"><\/path><\/svg><\/span><\/a>\n\n<\/div>\n<\/div><\/div><\/div>\n<\/div>\n<\/div><\/div>\n\n\n<p><\/p>\n","protected":false},"excerpt":{"rendered":"<p>erste bilanz Das Langzeit-Projekt ist gef\u00f6rdert mit dem Neustart-Kultur-Stipendium 2021 der VG Wort.<\/p>\n","protected":false},"author":1,"featured_media":0,"parent":0,"menu_order":0,"comment_status":"closed","ping_status":"closed","template":"","meta":{"footnotes":""},"class_list":["post-3556","page","type-page","status-publish"],"yoast_head":"<!-- This site is optimized with the Yoast SEO plugin v27.5 - https:\/\/yoast.com\/product\/yoast-seo-wordpress\/ -->\n<title>Home - Der Politikerinnen-Podcast<\/title>\n<meta name=\"description\" content=\"Wie Frauen die Zukunft gestalten: Der Politikerinnen-Podcast begleitet drei neue Bundestagsabgeordnete der Ampel \u2013 \u00fcber vier Jahre hinweg.\" \/>\n<meta name=\"robots\" content=\"index, follow, max-snippet:-1, max-image-preview:large, max-video-preview:-1\" \/>\n<link rel=\"canonical\" href=\"https:\/\/diepolitikerinnen.de\/\" \/>\n<meta property=\"og:locale\" content=\"de_DE\" \/>\n<meta property=\"og:type\" content=\"article\" \/>\n<meta property=\"og:title\" content=\"Der Politikerinnen-Podcast\" \/>\n<meta property=\"og:description\" content=\"Wie Frauen die Politik von morgen gestalten: Der Podcast begleitet die drei Abgeordneten Ye-One Rhie (SPD), Katharina Beck (B90\/Die Gr\u00fcnen) und Anik\u00f3 Merten (FDP) w\u00e4hrend ihrer ersten Legislaturperiode im Deutschen Bundestag.\" \/>\n<meta property=\"og:url\" content=\"https:\/\/diepolitikerinnen.de\/\" \/>\n<meta property=\"og:site_name\" content=\"Der Politikerinnen-Podcast\" \/>\n<meta property=\"article:modified_time\" content=\"2023-12-04T21:12:18+00:00\" \/>\n<meta property=\"og:image\" content=\"https:\/\/diepolitikerinnen.de\/wp-content\/uploads\/2022\/02\/Politicians-Logo-BTW-1.png\" \/>\n\t<meta property=\"og:image:width\" content=\"3000\" \/>\n\t<meta property=\"og:image:height\" content=\"1496\" \/>\n\t<meta property=\"og:image:type\" content=\"image\/png\" \/>\n<meta name=\"twitter:card\" content=\"summary_large_image\" \/>\n<meta name=\"twitter:label1\" content=\"Gesch\u00e4tzte Lesezeit\" \/>\n\t<meta name=\"twitter:data1\" content=\"2\u00a0Minuten\" \/>\n<script type=\"application\/ld+json\" class=\"yoast-schema-graph\">{\"@context\":\"https:\\\/\\\/schema.org\",\"@graph\":[{\"@type\":\"WebPage\",\"@id\":\"https:\\\/\\\/diepolitikerinnen.de\\\/\",\"url\":\"https:\\\/\\\/diepolitikerinnen.de\\\/\",\"name\":\"Home - Der Politikerinnen-Podcast\",\"isPartOf\":{\"@id\":\"https:\\\/\\\/diepolitikerinnen.de\\\/#website\"},\"primaryImageOfPage\":{\"@id\":\"https:\\\/\\\/diepolitikerinnen.de\\\/#primaryimage\"},\"image\":{\"@id\":\"https:\\\/\\\/diepolitikerinnen.de\\\/#primaryimage\"},\"thumbnailUrl\":\"https:\\\/\\\/diepolitikerinnen.de\\\/wp-content\\\/uploads\\\/2022\\\/04\\\/POLITIKERINNEN-PODCAST-5-1024x1024.jpg\",\"datePublished\":\"2020-09-26T15:45:58+00:00\",\"dateModified\":\"2023-12-04T21:12:18+00:00\",\"description\":\"Wie Frauen die Zukunft gestalten: Der Politikerinnen-Podcast begleitet drei neue Bundestagsabgeordnete der Ampel \u2013 \u00fcber vier Jahre hinweg.\",\"breadcrumb\":{\"@id\":\"https:\\\/\\\/diepolitikerinnen.de\\\/#breadcrumb\"},\"inLanguage\":\"de\",\"potentialAction\":[{\"@type\":\"ReadAction\",\"target\":[\"https:\\\/\\\/diepolitikerinnen.de\\\/\"]}]},{\"@type\":\"ImageObject\",\"inLanguage\":\"de\",\"@id\":\"https:\\\/\\\/diepolitikerinnen.de\\\/#primaryimage\",\"url\":\"https:\\\/\\\/diepolitikerinnen.de\\\/wp-content\\\/uploads\\\/2022\\\/04\\\/POLITIKERINNEN-PODCAST-5.jpg\",\"contentUrl\":\"https:\\\/\\\/diepolitikerinnen.de\\\/wp-content\\\/uploads\\\/2022\\\/04\\\/POLITIKERINNEN-PODCAST-5.jpg\",\"width\":1400,\"height\":1400},{\"@type\":\"BreadcrumbList\",\"@id\":\"https:\\\/\\\/diepolitikerinnen.de\\\/#breadcrumb\",\"itemListElement\":[{\"@type\":\"ListItem\",\"position\":1,\"name\":\"Startseite\",\"item\":\"https:\\\/\\\/diepolitikerinnen.de\\\/\"},{\"@type\":\"ListItem\",\"position\":2,\"name\":\"Home\"}]},{\"@type\":\"WebSite\",\"@id\":\"https:\\\/\\\/diepolitikerinnen.de\\\/#website\",\"url\":\"https:\\\/\\\/diepolitikerinnen.de\\\/\",\"name\":\"Der Politikerinnen-Podcast\",\"description\":\"Frauen gestalten Politik\",\"potentialAction\":[{\"@type\":\"SearchAction\",\"target\":{\"@type\":\"EntryPoint\",\"urlTemplate\":\"https:\\\/\\\/diepolitikerinnen.de\\\/?s={search_term_string}\"},\"query-input\":{\"@type\":\"PropertyValueSpecification\",\"valueRequired\":true,\"valueName\":\"search_term_string\"}}],\"inLanguage\":\"de\"}]}<\/script>\n<!-- \/ Yoast SEO plugin. -->","yoast_head_json":{"title":"Home - Der Politikerinnen-Podcast","description":"Wie Frauen die Zukunft gestalten: Der Politikerinnen-Podcast begleitet drei neue Bundestagsabgeordnete der Ampel \u2013 \u00fcber vier Jahre hinweg.","robots":{"index":"index","follow":"follow","max-snippet":"max-snippet:-1","max-image-preview":"max-image-preview:large","max-video-preview":"max-video-preview:-1"},"canonical":"https:\/\/diepolitikerinnen.de\/","og_locale":"de_DE","og_type":"article","og_title":"Der Politikerinnen-Podcast","og_description":"Wie Frauen die Politik von morgen gestalten: Der Podcast begleitet die drei Abgeordneten Ye-One Rhie (SPD), Katharina Beck (B90\/Die Gr\u00fcnen) und Anik\u00f3 Merten (FDP) w\u00e4hrend ihrer ersten Legislaturperiode im Deutschen Bundestag.","og_url":"https:\/\/diepolitikerinnen.de\/","og_site_name":"Der Politikerinnen-Podcast","article_modified_time":"2023-12-04T21:12:18+00:00","og_image":[{"width":3000,"height":1496,"url":"https:\/\/diepolitikerinnen.de\/wp-content\/uploads\/2022\/02\/Politicians-Logo-BTW-1.png","type":"image\/png"}],"twitter_card":"summary_large_image","twitter_misc":{"Gesch\u00e4tzte Lesezeit":"2\u00a0Minuten"},"schema":{"@context":"https:\/\/schema.org","@graph":[{"@type":"WebPage","@id":"https:\/\/diepolitikerinnen.de\/","url":"https:\/\/diepolitikerinnen.de\/","name":"Home - Der Politikerinnen-Podcast","isPartOf":{"@id":"https:\/\/diepolitikerinnen.de\/#website"},"primaryImageOfPage":{"@id":"https:\/\/diepolitikerinnen.de\/#primaryimage"},"image":{"@id":"https:\/\/diepolitikerinnen.de\/#primaryimage"},"thumbnailUrl":"https:\/\/diepolitikerinnen.de\/wp-content\/uploads\/2022\/04\/POLITIKERINNEN-PODCAST-5-1024x1024.jpg","datePublished":"2020-09-26T15:45:58+00:00","dateModified":"2023-12-04T21:12:18+00:00","description":"Wie Frauen die Zukunft gestalten: Der Politikerinnen-Podcast begleitet drei neue Bundestagsabgeordnete der Ampel \u2013 \u00fcber vier Jahre hinweg.","breadcrumb":{"@id":"https:\/\/diepolitikerinnen.de\/#breadcrumb"},"inLanguage":"de","potentialAction":[{"@type":"ReadAction","target":["https:\/\/diepolitikerinnen.de\/"]}]},{"@type":"ImageObject","inLanguage":"de","@id":"https:\/\/diepolitikerinnen.de\/#primaryimage","url":"https:\/\/diepolitikerinnen.de\/wp-content\/uploads\/2022\/04\/POLITIKERINNEN-PODCAST-5.jpg","contentUrl":"https:\/\/diepolitikerinnen.de\/wp-content\/uploads\/2022\/04\/POLITIKERINNEN-PODCAST-5.jpg","width":1400,"height":1400},{"@type":"BreadcrumbList","@id":"https:\/\/diepolitikerinnen.de\/#breadcrumb","itemListElement":[{"@type":"ListItem","position":1,"name":"Startseite","item":"https:\/\/diepolitikerinnen.de\/"},{"@type":"ListItem","position":2,"name":"Home"}]},{"@type":"WebSite","@id":"https:\/\/diepolitikerinnen.de\/#website","url":"https:\/\/diepolitikerinnen.de\/","name":"Der Politikerinnen-Podcast","description":"Frauen gestalten Politik","potentialAction":[{"@type":"SearchAction","target":{"@type":"EntryPoint","urlTemplate":"https:\/\/diepolitikerinnen.de\/?s={search_term_string}"},"query-input":{"@type":"PropertyValueSpecification","valueRequired":true,"valueName":"search_term_string"}}],"inLanguage":"de"}]}},"_links":{"self":[{"href":"https:\/\/diepolitikerinnen.de\/index.php\/wp-json\/wp\/v2\/pages\/3556","targetHints":{"allow":["GET"]}}],"collection":[{"href":"https:\/\/diepolitikerinnen.de\/index.php\/wp-json\/wp\/v2\/pages"}],"about":[{"href":"https:\/\/diepolitikerinnen.de\/index.php\/wp-json\/wp\/v2\/types\/page"}],"author":[{"embeddable":true,"href":"https:\/\/diepolitikerinnen.de\/index.php\/wp-json\/wp\/v2\/users\/1"}],"replies":[{"embeddable":true,"href":"https:\/\/diepolitikerinnen.de\/index.php\/wp-json\/wp\/v2\/comments?post=3556"}],"version-history":[{"count":114,"href":"https:\/\/diepolitikerinnen.de\/index.php\/wp-json\/wp\/v2\/pages\/3556\/revisions"}],"predecessor-version":[{"id":5430,"href":"https:\/\/diepolitikerinnen.de\/index.php\/wp-json\/wp\/v2\/pages\/3556\/revisions\/5430"}],"wp:attachment":[{"href":"https:\/\/diepolitikerinnen.de\/index.php\/wp-json\/wp\/v2\/media?parent=3556"}],"curies":[{"name":"wp","href":"https:\/\/api.w.org\/{rel}","templated":true}]}}